 -2*r + 8, -14072 = -4*l + 18*r - 17*r. List the prime factors of l.
3, 17, 23
Let h = -18719 - -30131. List the prime factors of h.
2, 3, 317
Let h(i) = 45*i**2 - 71. What are the prime factors of h(11)?
2, 2687
Let r(h) = -h**3 + h**2 - 46*h - 47. List the prime factors of r(-9).
11, 107
Suppose 0 = 3*a - 2*u - 30361, -20224 = -2*a - 2262*u + 2260*u. List the prime factors of a.
67, 151
Let b = -24787 - -36582. What are the prime factors of b?
5, 7, 337
Let o(f) be the second derivative of -55*f**3/3 + 75*f**2 + 72*f. List the prime factors of o(-7).
2, 5, 23
What are the prime factors of (120836/119)/((-1)/(-14))?
2, 1777
Let n(c) = -36 + 8 + 84 + 4*c + 2*c. Let r be n(-6). Suppose o - 6 = 4*u - 3*u, 0 = 3*o - 4*u - r. List the prime factors of o.
2
Let n = 18008 - 11291. List the prime factors of n.
3, 2239
Let l be 14 - (-3 + 4 + -1). Let c be 66/l + 12/42. Suppose 0 = c*z + 44 - 399. List the prime factors of z.
71
Suppose -32 = -7*s + 9*s. Let j be (-92)/(-22) + s/88. Suppose 138 = -j*v + 5*v. What are the prime factors of v?
2, 3, 23
Suppose 9*n + 3*x = 5*n + 14637, 0 = -x - 1. List the prime factors of n.
2, 3, 5, 61
Let p(n) = 30*n**2 + 2*n - 2. Let z be (15/(-6) + 2)*-26. Suppose 0 = -5*w + z*w - 16. List the prime factors of p(w).
2, 61
List the prime factors of (-1)/(-3) + (-297560)/(-120).
2, 5, 31
Suppose 2*f = 2*v + 6674, 5*f - 13082 - 3595 = 3*v. Suppose -2*i - 9*i = -f. What are the prime factors of i?
3, 101
Let j be 408/(-14) + 10/70. List the prime factors of (-2)/(-3)*-1*42456/j.
2, 61
Let a = -201 + 97. Let o = 202 - a. What are the prime factors of o?
2, 3, 17
Suppose 0*i = 2*i + 2*p - 24, 0 = 5*i - 3*p - 28. Suppose -7284 + 2260 = -i*d. What are the prime factors of d?
2, 157
Suppose -5*i - 5*o = 35, -4*i + i = 2*o + 20. Let m = i - -2. List the prime factors of (-1935)/(-36) + (-1)/m.
2, 3
Suppose -2*x - 2*x - 5*s = -225665, x = -10*s + 56390. What are the prime factors of x?
2, 5, 7, 13, 31
Suppose k + q = 3*q + 811, -3*q - 2448 = -3*k. Suppose 4*z - z - k = 5*y, 4*y + 1084 = 4*z. What are the prime factors of z?
3, 89
Let z be 0 + 186/30 + (-2)/10. List the prime factors of z*6/(-12) - -566.
563
Let v(w) = w**3 + 19*w**2 + 19*w + 20. Let c be v(-18). Suppose 526 = c*k + 5*r, -140 = -k + 3*r + 123. List the prime factors of k.
263
Let l = 12217 - 6842. List the prime factors of l.
5, 43
Suppose -5*j + 3*r + 1 = -17, -5*j = -5*r - 20. Suppose 5*u - j*b - 4010 = -7*b, -2404 = -3*u - 2*b. List the prime factors of u.
2, 3, 7, 19
Let i = -4557 - -14227. List the prime factors of i.
2, 5, 967
Let b(j) = 44*j - 26. Let a be b(4). List the prime factors of (684/(-10))/((-30)/a).
2, 3, 19
Suppose 3*x - 6 = 0, 0*r - 3*r = -5*x - 5. Suppose -r*l - 7 = 103. Let t = l + 37. What are the prime factors of t?
3, 5
Suppose -l - 5*l + 2730 = 0. Let c = l + -313. Suppose 0 = 4*i + 2*v - c, -5*v = 2*i - 63 + 4. List the prime factors of i.
37
Suppose 0 = 3*x - 2*f - 19, 3*f + 20 = -f. Suppose -2*a - x*h = -897, -15*a + 1834 = -11*a - 2*h. List the prime factors of a.
2, 3, 19
Let x(o) = 59*o**2 + o - 1. Let z be x(1). Let m = z + -71. Let f = m + 45. List the prime factors of f.
3, 11
Suppose 0 = -3*v + 4*q - 14, -2*q + q + 9 = 2*v. Suppose -41 - 4723 = -v*m. Suppose 648 + m = 10*a. What are the prime factors of a?
3, 101
Let t(p) be the third derivative of 2*p**5/15 - 43*p**4/24 - 16*p**3/3 - 37*p**2. Let r(s) be the first derivative of t(s). What are the prime factors of r(17)?
229
Let h = -273 + 420. Let n = -94 + h. Suppose -2*c + z = -119, 11 + n = c + 4*z. What are the prime factors of c?
2, 3, 5
Suppose 4*v + 76 = -48. Let z = v - -17. List the prime factors of z*1/2*-11.
7, 11
Let d = 111 + -87. Suppose -5*k - 5*j = -235, 5*k + d*j - 244 = 28*j. What are the prime factors of k?
2, 3
Suppose 5*b + 5*f = 53590, 89*f - 94*f + 25 = 0. List the prime factors of b.
3, 3571
Suppose -26*z = -177*z - 90*z + 8669734. List the prime factors of z.
2, 17987
Let k = 452 - 451. List the prime factors of (6 + (516 - k))*1.
521
Let i be -3*1 + 4819 + 32. Suppose 0 = p - 9*p + i. List the prime factors of p.
2, 3, 101
Suppose v - 11 = -5. Let i(c) = 5*c - 27. Let l be i(v). Suppose l*j + 112 = 2*q + 2*j, 3*j = 0. What are the prime factors of q?
2, 7
Let p(u) = -u**2 - 12*u - 3. Let m be p(-13). Let f(g) = -9*g - 66. List the prime factors of f(m).
2, 3, 13
Let f(z) = 1570*z + 16076. What are the prime factors of f(12)?
2, 7, 29, 43
Suppose 429 = 18*u + 339. List the prime factors of ((-8)/24)/((20/(-18612))/u).
3, 11, 47
Let n(u) = 35*u**2 + 40*u + 452. What are the prime factors of n(-30)?
2, 31
Let a = 30389 + -17519. List the prime factors of a.
2, 3, 5, 11, 13
Let g = -7774 - -23225. What are the prime factors of g?
15451
Let b be 6*8/(-48)*(-1 + 11). List the prime factors of (-494)/(-2) + -1 + (-30)/b.
3, 83
Suppose -13 = -4*j - 5*g, -2*j + 2*g = -5*j + 8. Suppose -j*l - 108 = -8*l. List the prime factors of ((-9)/l)/(1/(-2 + -356)).
179
Let f(g) = -g**2 - 9*g - 1. Let p(k) = k**2 + k - 3. Let t be p(-3). Let v = t - 10. What are the prime factors of f(v)?
13
Suppose 0 = 36*r + 102734 - 493046. List the prime factors of r.
2, 3, 13, 139
List the prime factors of 7729 - (-2 + 6 + 2).
7723
Suppose 33*i - 145 = 4*i. Suppose -i*d + 951 + 5517 = -4*g, -g = 3*d - 3874. List the prime factors of d.
2, 17, 19
Let y = 95 - -15584. What are the prime factors of y?
15679
Suppose -185*z = -48*z - 3242530 + 431016. What are the prime factors of z?
2, 31, 331
Let m = 10678 + -4344. What are the prime factors of m?
2, 3167
What are the prime factors of 2/(-5) + (147920/50 - -23)?
11, 271
Suppose 0 = -184*r + 701408 + 3325248. What are the prime factors of r?
2, 5471
What are the prime factors of ((3 - 3) + -35755)/(7*20/(-56))?
2, 7151
Let a(y) = y**3 - 2*y**2 + 6*y - 2. Let k be a(5). Suppose b - 243 + 223 = 0. Suppose -498 = -3*o + u - k, -5*u + b = 0. List the prime factors of o.
7, 19
Let t(a) = -a**2 + 59*a - 20. Let h be t(61). Suppose 336 = r - 5*j, 0*r - 3*j = -2*r + 700. Let f = r + h. List the prime factors of f.
2, 107
Suppose 150 = 3*y - 13*y. Let z be 12/(-30) + (-3006)/y. Suppose -3*t = 4*s - 8*t - z, 0 = -2*t + 8. What are the prime factors of s?
5, 11
Suppose l + 5*d - 17284 = 0, -3*l + 24505 + 27311 = -3*d. List the prime factors of l.
2, 3, 2879
Suppose -31211 = -13*a + 10181. Let n = -1561 + a. List the prime factors of n.
3, 541
What are the prime factors of 1 + 100192/10 + 25/(375/(-18))?
43, 233
Let b = -4097 + 7174. List the prime factors of b.
17, 181
Suppose -32*c = -21*c + 1309. Let q = 159 - c. List the prime factors of q.
2, 139
Suppose 10*k - 12926 = -4606. List the prime factors of k.
2, 13
What are the prime factors of 60/40*(-4)/3*(-38758)/4?
19379
Suppose -d = -3 - 25. Suppose 2816 = -20*y + d*y. What are the prime factors of y?
2, 11
Let r be (-20)/(-8)*18/15*-1. Let h(j) = -211*j - 36. What are the prime factors of h(r)?
3, 199
Let s = -3855 + 3844. Suppose 4*i + 633 = 205. Let d = s - i. What are the prime factors of d?
2, 3
Suppose 4*g - 8 = 2*g. Suppose -5*p = 15, -g*o - 4*p + 7 = 3. Suppose 0 = 2*l - d - 217, o*d + 101 = l + 2*d. What are the prime factors of l?
3, 37
Let r(u) = 151*u**3 - 2*u**2 + 4*u - 3. Let d(w) = -3*w**2 - 27*w - 20. Let q be d(-8). Let y be (0/q + -1)*4 - -5. List the prime factors of r(y).
2, 3, 5
Let n be (-3)/8 + 472/64. Suppose n*a - 52 = 53. List the prime factors of a.
3, 5
Let g be 2/(-4) + (-9)/(-2). Suppose 32 = 6*c + 8. Suppose u - 240 = -g*u - 2*x, 0 = c*u - 4*x - 192. What are the prime factors of u?
2, 3
Let s(a) = -2134*a + 4316. What are the prime factors of s(-7)?
2, 3, 3209
Suppose 0 = -26*o + 11*o + 390. Suppose 0 = o*u - 2*u - 7584. List the prime factors of u.
2, 79
Suppose 0*c = c + 5, -2*l + 5*c + 17 = 0. Let f be 24*(-8)/(-6) + -2. Let n = f + l. List the prime factors of n.
2, 13
Let i be 34/(-3) + 3 + (-4)/6. Let j = 10 + i. Suppose 2*y - 4*u = -3*y + 6, y - u = j. What are the prime factors of y?
2
Let s = -67 - -70. Suppose -2*u = u + 2*y + 24, s*u + 30 = -4*y. What are the prime factors of 776/6 + ((-16)/u - 2)?
2, 5, 13
Let b = -143 - -40. Suppose 2*j - 310 = 4*m, 2*j - m + 3*m - 334 = 0. Let i = b + j. List the prime factors of i.
2, 3, 5
Let h(p) = 2*p + 1.